 + 4.
-3
2 - (-1 + 9 + -7)
1
Calculate 1 - ((0 - -1) + (-1 - -2)).
-1
Evaluate 0 + 10 + -15 + (2 - 0).
-3
What is the value of 26 - 33 - (-1 + 0)?
-6
Evaluate -3 + 0 + -5 + 7.
-1
4 + -2 - (5 + 2)
-5
Calculate (-3 + -3 - -12) + -7 + 2.
1
Evaluate -5 + 0 + 7 - 1.
1
(-5 + 6 - -7) + (1 - 4)
5
Evaluate 3 - (2 + (-1 - -8)).
-6
Evaluate (-1 - 8 - 1) + 2.
-8
Calculate 4 + -7 + -1 + -3 + 2.
-5
Evaluate -2 - (1 - (6 - -2)).
5
What is -3 - 1 - (4 + -12 + -1)?
5
What is the value of -1 + 5 - (122 - 113)?
-5
Calculate -6 - (-11 - (0 - 5)).
0
What is -3 + (0 - 4) + 5 + 6?
4
Evaluate (2 - (-2 - -1)) + -8.
-5
What is the value of (-4 - 0) + -22 + 21?
-5
What is the value of (2 + -9 + 2 - 4) + 7?
-2
(27 - 21) + -8 + 1 + 2
1
What is the value of (1 - -1) + 0 - (5 - 7)?
4
Evaluate 6 - 0 - (90 + -76).
-8
Evaluate 7 - ((0 - 2) + 1 + 5).
3
What is -3 - (-5 + (7 - 2))?
-3
Calculate -3 + -1 + 10 + -5.
1
What is 14 - (3 + 10) - -7?
8
Evaluate -3 - (-14 - -6) - 4 - 0.
1
Evaluate -3 + (-3 - -4 - -3) + -2.
-1
What is the value of -4 + -6 + 6 + 10?
6
What is the value of (-2 - (-2 - 0) - 8) + 3?
-5
What is -4 + -5 + 2 + 2?
-5
What is the value of (4 - 7) + (-4 - -9)?
2
Evaluate (-10 - (-28 - -4)) + -9.
5
What is the value of 10 + -1 + -2 + -2?
5
Evaluate -16 + 7 + 3 - 0.
-6
What is -4 - (5 + -1 - 12)?
4
Calculate 4 - (0 - 1 - (21 + -23)).
3
What is 46 - 32 - (2 - -5)?
7
3 - (2 + (1 - 4 - -5))
-1
-7 + (-3 + 7 - 5 - -5)
-3
2 + (2 - (7 + (-3 - -2)))
-2
Calculate (1 - 0) + (-1 - (0 - 0)).
0
Calculate 5 + 1 + 0 + 4 + -7.
3
What is the value of 2 - 3 - (8 - 9)?
0
What is the value of 7 - (-5 + (1 - -4) - -4)?
3
What is -3 + 6 + 5 + -4 + -3?
1
Evaluate 10 + 4 - 8 - 12.
-6
Evaluate 3 - -2 - (5 + 2).
-2
What is the value of 12 - (14 - 6 - 0)?
4
Calculate 13 + (11 - 19) + 0.
5
What is the value of -21 - -24 - (5 - -1)?
-3
Calculate 1 + -4 - (58 + -61).
0
What is the value of -2 - (6 - 4) - (-5 + 0)?
1
(1 - 1) + -66 + 62
-4
4 + 0 + -5 - -3
2
Evaluate 3 + (-5 - -2) + 4.
4
(8 - 12) + -1 + 7
2
What is 1 + 1 + 1 + -2 + 2?
3
What is the value of -5 + -4 + 7 + -1 - -6?
3
What is (-6 - -4) + (0 - -4)?
2
Evaluate 4 - (-8 - (-4 - 3)).
5
1 + 1 + -7 - -1
-4
Evaluate -3 + -1 + 5 + (10 - 8).
3
Calculate 4 + -6 + (4 - 1).
1
What is (24 - 12) + -4 + (-3 - 0)?
5
(-5 - -8) + -3 + 0 + 4
4
Calculate (-5 - -10) + -7 - 3.
-5
What is -1 + 2 + (-2 + 1 - -1)?
1
What is (-7 - -8 - 5) + -2?
-6
Evaluate (46 - 42) + -1 + 0 + -8.
-5
-10 - (7 - (7 + 12))
2
What is the value of 3 - (2 + 0 + (1 - 1))?
1
What is (7 - ((-2 - -3) + 0)) + 0?
6
What is the value of 2 + 7 + -2 + 1 + -5?
3
What is 2 - (11 - 10 - (-3 - 1))?
-3
What is the value of 5 + 3 + -8 + 3?
3
Calculate 2 - ((9 - 2) + -3 - 0).
-2
Evaluate (9 - 2) + -8 + 1.
0
Evaluate 3 - (21 - 12) - 5.
-11
What is the value of 4 + -2 + -10 + 8?
0
Calculate -2 + 2 + (-3 - 0) + -2.
-5
Evaluate 3 + 3 + (-7 - -4) - 5.
-2
What is the value of (12 - (0 - -7)) + -1?
4
Evaluate 4 - -1 - 8 - (-14 + 4).
7
Calculate -9 + 6 - (1 - 1).
-3
Calculate -49 + 55 - (11 + -1).
-4
What is the value of 2 - (1 + 1 + (13 - 11))?
-2
(-6 - -6) + (1 + -3 - 6)
-8
Evaluate (2 + -28 - -7) + 12.
-7
-1 + 0 - (-2 - (-2 - 1))
-2
What is (5 - 4) + -3 - (6 - 7)?
-1
Evaluate 2 - -10 - (33 - 23).
2
Calculate 5 + (-9 + 4 - -3).
3
What is the value of -5 - ((-18 - -13) + 4 + 0)?
-4
What is the value of -1 - (7 + -5 + 2)?
-5
Calculate -1 - (13 - (38 - 14)).
10
What is the value of -2 + -13 + 8 - 1?
-8
Evaluate 2 + -1 + 1 + (-17 - -17).
2
Calculate -6 - 1 - (4 + -4) - -1.
-6
(1 - -4 - 9) + 5
1
What is (5 - 4) + (10 - 13)?
-2
What is 6 + -3 + 5 + -8?
0
Calculate 5 + (4 - (0 + 13)) - 0.
-4
What is the value of 6 + -4 + -4 + 7 + -1?
4
What is the value of 8 + (-4 + 7 - (3 - 2))?
10
What is the value of (0 + 6 - 13) + 4?
-3
Calculate (-1 - (17 - 4)) + 6.
-8
Calculate 1 + -1 - (-3 - -1).
2
Calculate 2 + (9 + -3 - 3).
5
What is the value of 0 + (0 - 1) + -2 + -1?
-4
What is the value of -1 - -6 - (8 - 8)?
5
Calculate (4 - -2) + 0 - 1.
5
What is the value of 5 - (5 - -3 - (3 + -1))?
-1
0 - 2 - (-6 + -2 + 12)
-6
-3 - (-11 - (-10 - -4) - 4)
6
Calculate 5 - -7 - 4 - 7.
1
What is the value of 6 + -3 + (-2 - -2) + -8?
-5
Evaluate -2 + (1 - 2) - (29 - 30).
-2
What is the value of (2 - (-4 - -6)) + -4 + -6?
-10
Calculate (3 - (-5 + -1)) + -2.
7
What is -1 - ((-3 - -5) + -2)?
-1
-9 + 3 + 3 + 0 + -3
-6
What is the value of -5 + (4 - 6) + 3?
-4
What is the value of (3 - (-5 - -4)) + 0?
4
Evaluate -1 + (-6 - 7) + 10 + -2.
-6
Evaluate 4 + 3 + -3 + -1 + -2.
1
Evaluate 5 - (2 - 3) - 5.
1
Calculate 0 + (-4 - -7) + -2.
1
What is the value of (-56 - -55) + -6 + (1 - 0)?
-6
What is the value of 12 + -10 - (4 - 1) - 3?
-4
What is -1 - ((3 - -2) + -5)?
-1
What is -1 - (0 + -4 + (5 - 0))?
-2
0 - 1 - (-2 + 4)
-3
(-47 - -18 - -25) + -1 + 14
9
Calculate 4 - (1 + 2 + (2 - 4)).
3
1 + -5 + 12 - 3
5
Evaluate -1 + (-6 - (-4 - -1)).
-4
What is 2 + (-2 - 3) - (39 - 45)?
3
What is the value of -1 + 0 - (-45 + 40)?
4
-8 - (0 - 1 - 11)
4
Evaluate (-5 + 0 - (-8 - -4)) + -1.
-2
Calculate (7 - 1) + (4 - 5).
5
-1 + 10 + (-3 - 1) - 6
-1
Evaluate 0 + (5 - (2 - -3)).
0
(3 - 3 - -2) + -1
1
-9 - -20 - 10 - 3
-2
Evaluate 0 - (-5 + 4 + -1).
2
Calculate -1 + 4 - (4 - 2).
1
2 + (0 - (5 + -8))
5
-1 + (-2 - (-4 + 0)) + -5
-4
What is the value of -4 + (10 - (-5 + 6))?
5
6 - (6 + 0 + 1 + 2)
-3
What is the value of (-1 - -4 - 2) + (-1 - 1)?
-1
Evaluate -1 + (-2 + 6 - 4).
-1
Calculate (6 + -7 - -6) + -2.
3
What is -6 + -4 - (3 + -8)?
-5
What is the value of (5 - 5 - 1) + -3 - 2?
-6
(-213 - -209) + (0 + 0 - -8)
4
What is -10 - (-8 + -6) - 6?
-2
-5 - (-1 + -2 - 2)
0
What is the value of 7 - 0 - (-17 + 20)?
4
What is the value of 8 - (-6 + (2 - 2 - -8))?
6
Calculate (2 - -5 - -2) + (-2 - 2).
5
What is -4 - (-13 - 2 - -4 - -4)?
3
What is the value of -2 + 8 + -4 + -3?
-1
What is the value of -2 + 9 + -48 + 46?
5
-4 - (4 + -2 + 0 - 3)
-3
What is the value of (-4 - -3) + -3 + (1 - -7)?
4
Calculate (17 - 12) + (-1 - 3) - -4.
5
Evaluate -13 + 7 + 10 + -3.
1
2 + -9 - (-4 + -2)
-1
What is 4 - (3 - (9 - 3))?
7
Evaluate (-6 + 2 - (4 + -1)) + 2.
-5
What is the value of -1 + 1 + (9 - 2) + -12?
-5
Evaluate 4 + (1 + -6 - -5).
4
-9 + 0 + (67 - 52)
6
Evaluate 4 - 4 - (0 + 3).
-3
Evaluate -1 + 6 - ((13 - -9) + -12).
-5
Calculate 2 + (4 - 8 - -1).
-1
Calculate -1 + (1 - (-3 - 1)) + -7.
-3
Calculate 13 + -9 + (-7 - -8) - 3.
2
What is 18 - 19 - (2 + -2 - 4)?
3
What is the value of (1 - -2) + -13 + 15?
5
Calculate -6 + -3 + 1 + (0 - -4).
-4
Calculate 4 + -3 + (-5 - -3) - -4.
3
0 - (0 + 3 + -3)
0
What is -16 + (-1 - -4) - -5?
-8
What is the value of (10 - 5 - 3) + -2 - 2?
-2
1 - 2 - (8 + -15)
6
Evaluate -2 - (7 + (-7 - -3)).
-5
What is the value of -1 + 2 + -1 + -3?
-3
What is (-2 - (3 - (-1 + 3))) + 1?
-2
What is the value of -12 - -5 - (0 + -12)?
5
What is the value of 0 - 2 - (-8 - -3 - -1)?
2
Evaluate 10 + (-15 - -6 - 1).
0
(-8 + 3 - -2) + (-1 - -9)
5
Calculate 0 + 2 - (8 - (-7 + 3)).
-10
Evaluate (1 - -5) + -4 + 0.
2
Calculate 13 - ((14 - 4) + -2).
5
Evaluate 13 - 4 - (7 - 1).
3
What is (0 - 1 - -1) + -14 + 14?
0
Evaluate -3 - -12 - (-7 - -20).
-4
10 - -4 - (-1 - -12)
3
Calculate 0 + 1 - (5 + (-2 - 1)).
-1
Calculate -15 + (9 + 2 - -11).
7
Calculate (5 - 4) + -1 - -1.
1
14 + -5 + -15 - 2
-8
-7 + (6 - (6 - 2))
-5
(8 - -2) + -3 + -3 + -1
3
(-1 - 0 - -3) + -6
-4
What is 2 + -2 - (-18 - -13)?
5
193 - 189 - (-1 + (0 - 0))
5
What is the value of -1 + -4 - (31 + -33)?
-3
9 + -3 - 1 - 10
-5
What is -2 + (-6 + 12 - 7)?
-3
(-7 - -4) + 5 + -13 - -8
-3
What is the value of (-7 - -1) + 3 + 1 + 7?
5
What is the value of 1 + 2 + -2 + -1?
0
Evaluate -2 + ((-2 - -6) + -8 - 0).
-6
What is the value of (10 - 2) + 0 + 1 + -6?
3
Calculate -11 + (-9 - -8) + 7.
-5
What is the value of (-5 + 0 - 0) + 7?
2
Calculate -1 + 2 + 3 + 2 + -3.
3
Calculate 6 - (7 + -1 + (3 - -2)).
-5
Calculate -1 - (-1 - 0 - 0).
0
What is -1 - (-6 + (6 - 6))?
5
What is -2 + -3 - -6 - 1?
0
What is -1 + (2 - 1 - 5)?
-5
What is 0 + -1 + 0 - -1?
0
What is (-1 - 0 - -3) + -2?
0
Calculate -2 - (-1 + -3 + 5) - -2.
-1
Calculate 1 + -8 + 4 + 4.
1
What is the value of (3 - 5) + 2 + -2 + -2?
-4
Calculate (-1 + 4 - 0) + 1 - 2.
2
What is the value of -3 - (-6 + 11 + -8)?
0
Evaluate (5 - -1) + -8 + 6 + -1.
3
What is 4 + -5 + 6 + -5?
0
15 - 15 -